5*h - 49480, 3*t - 2*h = 29693. Is t composite?
False
Is (2/3)/((-28)/(-335706)) composite?
False
Let y = 82 + -77. Is (3/6)/(y/37930) composite?
False
Let q(r) be the second derivative of r**5/20 + r**4/12 + 11*r**3/6 + 4*r**2 - 7*r. Is q(6) a prime number?
False
Let l(b) be the first derivative of 8*b**2 - 4*b - 1. Let c be l(3). Let s = -18 + c. Is s prime?
False
Let b(y) = 165*y + 1. Suppose 0 = -3*c - 3*q + 9 - 0, -5*c + 12 = 2*q. Is b(c) composite?
False
Suppose 2*c + 229 = 17. Let r = -47 - c. Is r a prime number?
True
Suppose 7*l - 2*l - 460 = 0. Suppose -8*r + 6*r = -l. Is r a composite number?
True
Suppose 20 = -5*p + 5. Let a be 1/(p/(-5883)) + 1. Is a/22 + 24/(-132) prime?
True
Let g = 19741 + -12607. Let n = g - 4051. Is n composite?
False
Suppose 4*x - 438 = -2*x. Is (x/(-3))/(17/(-255)) a prime number?
False
Suppose 110464 = 51*a - 42179. Is a a prime number?
False
Let n be (-9)/((-36)/(-16)) + -391. Let i = n + 795. Suppose -71 = 7*w - i. Is w a composite number?
False
Suppose -4*x = -3*s + 8490, 2*s + 2*x - 2830 = s. Let i be (-136)/10 - (-12)/(-30). Is i/63 - s/(-18) a composite number?
False
Suppose o + n - 8 + 0 = 0, 3*o - 4*n + 11 = 0. Suppose o*h = -q + 6, h - 1 = -4. Is q a composite number?
True
Let q = 314 + 1379. Is q a composite number?
False
Let v(m) = 279*m**2 + 6*m - 1. Is v(6) prime?
True
Suppose 3*d - 50976 = 3*s, -18*d + 16*d + s + 33989 = 0. Is d a prime number?
False
Let l = 37 + -40. Is (154 - -4) + (l - -3) a prime number?
False
Let k(o) be the third derivative of o**6/90 - o**5/120 + o**4/12 + o**3/3 + 5*o**2. Let x(y) be the first derivative of k(y). Is x(3) prime?
False
Suppose -9*l + 2*h + 10533 = -4*l, -5*h = 20. Is l a prime number?
False
Suppose 5*h - 7*c = -2*c - 10, 0 = 3*h - 2*c + 2. Let t be (-147 - h)/(1/(-10)). Suppose 0*p + t = 2*p. Is p composite?
True
Let x = 16278 + -9325. Is x composite?
True
Suppose -2*g = 67 - 71. Is (g - (-5 + -3))*932/8 prime?
False
Suppose p + 3*f - 22983 - 18457 = 0, -3*p - 3*f + 124326 = 0. Is p composite?
False
Let q(w) = 718*w + 423. Is q(32) composite?
False
Let i = 38 + -28. Is ((-12)/i)/(-2 + (-168)/(-85)) a composite number?
True
Suppose -4*v + 8 = 3*d, -5*d + 2*v = -0*v - 22. Let t be (-1444)/(-16) - (-3)/d. Let b = 394 + t. Is b composite?
True
Let k(v) = 5*v + 13. Let g be k(4). Suppose g*j + 4265 = 38*j. Is j a composite number?
False
Let a = -1950 + 5407. Is a a composite number?
False
Let n = -1092 + 2851. Is n a prime number?
True
Let p = -434 + 2913. Is p prime?
False
Let g = 14 - 10. Suppose h - g = -h. Let f(m) = 28*m**2 - m - 1. Is f(h) composite?
False
Suppose 116 + 17 = -7*h. Let b = -40 - h. Is 750/8 - b/84 a prime number?
False
Let u be 3 + 3 + 0/3. Suppose 3*c + 282 = u*c. Suppose 20 = 3*l - c. Is l composite?
True
Suppose 52425 = -6*u + 11*u. Let h = -620 + u. Is h a composite number?
True
Suppose 3*u - 2*u - 5*z - 596 = 0, -4*u - 5*z = -2284. Let b = -103 + u. Is b a composite number?
True
Let s be 3 + 2/(-2) - -1048. Let g be 1 + s/(1 + 0). Suppose 2*b + 2*n = 1048, b = 3*b + 3*n - g. Is b prime?
True
Let b(p) be the first derivative of -63*p**2/2 + 3*p - 32. Is b(-6) a prime number?
False
Suppose -3*o = 26 - 212. Suppose -2*h + o = -0*h. Suppose -210 = -n - h. Is n prime?
True
Suppose 2*m + 2*m = 0. Suppose m = 2*g + 2*p + 10, 0 = -2*g - 2*p - 2*p - 12. Let r(t) = -t**3 + t**2 + 5. Is r(g) composite?
True
Let s = -141 - -2474. Is s composite?
False
Suppose 0 = -4*h - 17 + 861. Suppose -z = -2*g + 314 + h, -z - 525 = 2*g. Let k = z + 898. Is k composite?
False
Let y = 3506 - 1197. Is y prime?
True
Suppose -3*i + 5680 = b, -2*i + 9470 = 3*i + b. Suppose -4*v - 758 = -2*h, -i = -5*h + 5*v - 0*v. Is h a prime number?
True
Let m(f) = 22 - 5 + 0 + 6*f + 3*f + f**2. Let l be m(-7). Is (l/(-6) + -3)*-22 a composite number?
True
Suppose 0 = -878*m + 885*m - 240989. Is m composite?
True
Let g(o) = -o**2 - 10*o - 5. Let t be g(-8). Suppose -t = -2*z + 5. Suppose -z*d = -12*d + 2564. Is d a composite number?
False
Let q(d) = -2*d**2 - 36 + 0*d**2 + 3*d**3 + 35 - 3*d - d**2. Is q(4) a composite number?
False
Suppose 68*t = 61*t + 66731. Is t composite?
False
Suppose -5*a + 3 - 58 = 0. Let t = a - -11. Suppose 3*c - 1065 = -t*c. Is c composite?
True
Let t(o) = 64807*o + 179. Is t(2) composite?
False
Let h = -1 - -1. Suppose h = 2*n + 2*t - 299 - 221, 5*n = t + 1294. Is n a prime number?
False
Suppose 0 = -3*l - 5*u + 1, -2*l + 0*l + 3 = u. Suppose 0 = -3*o + 3*z + 999, 5*o - 8*o + l*z = -1003. Is o prime?
True
Let s = -278 + 156. Let r = s + 215. Is r a prime number?
False
Let t be (-1 - -7)*4/3. Let r be t/(2/(-141)*-3). Let a = r - 73. Is a a prime number?
False
Suppose -4*t + 2445 = -411. Suppose -i + 440 = -t. Is i a composite number?
True
Let q = 118 - 115. Let y(w) = -2 - 6*w**2 + 13*w**2 - 2 + 5*w. Is y(q) a prime number?
False
Let a be (-159)/9 - (-1)/(-3). Let d be (-45)/a + (-1)/2. Suppose -d*t + 131 = -t. Is t composite?
False
Let d be ((-40195)/25)/((-2)/10). Let r = d - 5100. Is r a prime number?
True
Let s = 6040 - 2687. Is s composite?
True
Let c(w) be the third derivative of -7*w**6/40 + w**5/12 + w**4/8 - w**3/2 + 26*w**2. Is c(-2) a composite number?
False
Let b = 3 + -1. Suppose i = b*k, 2*i - k = 4*i. Let d(f) = -f**3 - f + 537. Is d(i) a composite number?
True
Let y be (23/4)/((-4)/(-80)). Suppose -y = -4*x + 57. Suppose 2*n - 3*n = -x. Is n a prime number?
True
Suppose -123*b + 853 = -122*b. Is b prime?
True
Let i(a) = -530*a - 111. Is i(-7) composite?
True
Suppose 4*u - 2 = -5*p + 2*u, -2*u - 18 = -5*p. Suppose l + 15 = -4*l, 3*l + 823 = p*q. Is q a prime number?
False
Suppose -2*s = 2*u + s - 1374, 0 = -5*u + 4*s + 3458. Suppose z = u + 983. Is z a composite number?
True
Let l(o) = 10*o**3 + 13*o**3 - 2 - 8*o**3 + 6*o + 6*o**2. Let a be 2/((-12)/(-26)) - (-154)/231. Is l(a) prime?
True
Let g = -533 - -331. Let l = -96 - g. Is l a prime number?
False
Let m(n) = 19*n - 133. Let f be m(7). Suppose 3*t - 1880 = -2*t. Suppose 2*g - 6*g + t = f. Is g composite?
True
Is (5703/(-18))/((-1)/6) a composite number?
False
Let z(n) = n - 10. Let o be z(14). Suppose 971 = o*x - 521. Is x a composite number?
False
Suppose 0 = 5*m - 2*g + 4079, 0 = -m + 3*m - 2*g + 1634. Let z = m + 1204. Is z a prime number?
True
Let c be 1/2*(-24)/(-12). Let z be -268 + c + (-3)/(-3). Is (-2)/(-4) + z/(-4) a composite number?
False
Let x be (2 + -1)*3 - 1. Let u(g) = 2*g**3 - 3*g**2 + 2*g - 2. Let l be u(x). Suppose 0 = -l*k + 2*k + 3140. Is k prime?
False
Let x = 7306 - -59993. Is x a prime number?
False
Let z be 303/27 + 4/(-18). Let k(p) = -5*p**2 - 4*p - 3. Let n(i) = 16*i**2 + 12*i + 8. Let s(x) = z*k(x) + 4*n(x). Is s(-6) composite?
True
Let n(m) = -210*m**3 - 5*m**2 - 9*m + 15. Is n(-5) a composite number?
True
Let l(s) = 11*s**3 - 6*s**2 + 4*s - 1. Let f be l(-5). Let a be f/(-8) - 1/4. Let w = a + -38. Is w a prime number?
False
Suppose -2*k + 9507 = -5*s + 1308, -s = -3*k + 1632. Let g = -856 - s. Is g a prime number?
False
Suppose 7*h + 65 = 2*h. Let i = h + 6. Let x(v) = -v**2 - 18*v - 12. Is x(i) prime?
False
Suppose 10*h - 11 = -1. Is (90 - h)*(5 - (-17 + 5)) prime?
False
Suppose 5*n - 927 = 2*n. Let w = -106 + n. Is w a composite number?
True
Is 419*8/(56/203) a prime number?
False
Is 3406 - ((-33)/6 - -5)*2 a prime number?
True
Suppose -6*t - w - 2 = -3*t, 0 = 4*w + 20. Is t/5 - (1 - (-1218)/(-35)) composite?
True
Let i(d) = -1276*d + 59. Is i(-11) composite?
True
Suppose -7796 = -4*u + 3*p, 0*p - 5847 = -3*u + 4*p. Is u composite?
False
Let m = 3747 + 7358. Is m prime?
False
Let n(y) = 1736*y**3 - 16*y**2 - 10*y + 25. Is n(3) composite?
False
Suppose -l = 4*t + 5, -3*t + l = 4*l + 15. Suppose t = 11*k - 13*k + 7666. Is k a composite number?
False
Let l = -10 - -15. Suppose -10 = -l*w + 3*w. Suppose -v = w*h - 188, 9 + 11 = 4*h. Is v a composite number?
False
Suppose 0 = -3*p - 10 + 28. Suppose 3*x - 873 = -p*x. Is x a composite number?
False
Suppose 0 = -59*b + 56*b + 29949. Is b composite?
True
Is (-2874)/(-15)*(-5)/3*-3 a composite number?
True
Suppose -10*l - 23374 = -221144. Is l composite?
False
Let k be -3 + 2/(-10) + (-5)/(-25). Is (5/(-15))/(k/7515) composite?
True
Suppose 0 = 3*m - 0*m - 12, -5*l + 5*m = 360. Let i = l - -42. Let 